ommon divisor of 416 and 52.
52
What is the highest common factor of 264 and 352?
88
What is the highest common factor of 50 and 275?
25
What is the highest common factor of 2 and 1364?
2
Calculate the highest common divisor of 106 and 17914.
106
Calculate the highest common divisor of 3159 and 513.
27
Calculate the greatest common factor of 187 and 51.
17
What is the greatest common factor of 20 and 830?
10
Calculate the highest common factor of 81 and 42.
3
Calculate the greatest common divisor of 30 and 110.
10
Calculate the greatest common divisor of 18 and 26.
2
Calculate the highest common divisor of 272 and 48.
16
What is the greatest common factor of 12 and 76?
4
What is the greatest common divisor of 55 and 88?
11
What is the greatest common factor of 960 and 1856?
64
Calculate the greatest common divisor of 6049 and 115.
23
What is the greatest common factor of 704 and 80?
16
Calculate the highest common factor of 5808 and 48.
48
Calculate the highest common factor of 13622 and 2224.
278
Calculate the greatest common factor of 80 and 50.
10
What is the highest common divisor of 1050 and 9275?
175
Calculate the greatest common factor of 80 and 2180.
20
What is the greatest common divisor of 63 and 91?
7
Calculate the highest common factor of 84 and 7.
7
Calculate the highest common divisor of 945 and 60.
15
What is the highest common divisor of 266 and 21?
7
What is the greatest common divisor of 17550 and 45?
45
Calculate the greatest common divisor of 1288 and 23.
23
Calculate the highest common divisor of 14676 and 12.
12
Calculate the greatest common factor of 122 and 2.
2
Calculate the highest common divisor of 54 and 6399.
27
Calculate the greatest common divisor of 2 and 1894.
2
What is the highest common factor of 2211 and 3618?
201
Calculate the greatest common divisor of 20 and 4.
4
Calculate the highest common factor of 372 and 12.
12
Calculate the highest common divisor of 28992 and 384.
192
Calculate the highest common divisor of 405 and 972.
81
Calculate the highest common factor of 93 and 1209.
93
What is the greatest common divisor of 7849 and 167?
167
What is the greatest common divisor of 979 and 6586?
89
Calculate the highest common factor of 968 and 4.
4
Calculate the highest common factor of 4 and 5228.
4
Calculate the highest common factor of 434 and 2387.
217
What is the highest common divisor of 32 and 400?
16
Calculate the greatest common divisor of 106 and 3233.
53
Calculate the greatest common divisor of 918 and 4.
2
Calculate the greatest common factor of 400 and 208.
16
What is the highest common factor of 437 and 299?
23
Calculate the highest common factor of 120 and 280.
40
What is the highest common factor of 484 and 88?
44
What is the highest common divisor of 24 and 54?
6
Calculate the highest common factor of 54 and 3168.
18
Calculate the highest common factor of 16 and 70.
2
Calculate the greatest common divisor of 432 and 112.
16
Calculate the greatest common divisor of 55 and 451.
11
What is the highest common factor of 112 and 112?
112
What is the highest common divisor of 1144 and 275?
11
What is the greatest common divisor of 224 and 160?
32
Calculate the highest common divisor of 8903 and 58.
29
Calculate the highest common divisor of 10208 and 44.
44
Calculate the greatest common factor of 1121 and 236.
59
What is the highest common factor of 36 and 27?
9
What is the highest common divisor of 646 and 272?
34
What is the highest common factor of 14 and 112?
14
What is the greatest common factor of 65 and 26?
13
Calculate the highest common divisor of 2162 and 1363.
47
Calculate the greatest common factor of 693 and 2277.
99
What is the greatest common divisor of 656 and 738?
82
Calculate the greatest common divisor of 5370 and 40.
10
What is the highest common divisor of 4743 and 1224?
153
What is the highest common divisor of 80 and 50?
10
Calculate the highest common divisor of 182 and 247.
13
What is the highest common divisor of 171 and 95?
19
Calculate the highest common divisor of 66 and 693.
33
What is the greatest common divisor of 105 and 3225?
15
Calculate the highest common divisor of 46 and 2162.
46
Calculate the greatest common factor of 1652 and 42.
14
Calculate the highest common factor of 640 and 560.
80
Calculate the greatest common factor of 34 and 10931.
17
Calculate the highest common factor of 3392 and 477.
53
Calculate the highest common divisor of 8 and 96.
8
Calculate the greatest common factor of 28 and 252.
28
Calculate the highest common divisor of 32 and 2656.
32
What is the greatest common divisor of 18 and 576?
18
Calculate the highest common factor of 1539 and 285.
57
What is the highest common divisor of 119 and 51?
17
Calculate the highest common divisor of 2350 and 80.
10
What is the highest common divisor of 1595 and 2552?
319
What is the highest common factor of 294 and 6?
6
Calculate the highest common divisor of 145 and 1247.
29
What is the highest common factor of 216 and 32?
8
What is the highest common divisor of 504 and 189?
63
Calculate the highest common divisor of 8 and 48.
8
Calculate the greatest common divisor of 4 and 1544.
4
What is the highest common factor of 1092 and 208?
52
What is the highest common divisor of 52 and 6760?
52
Calculate the highest common divisor of 34 and 918.
34
What is the highest common factor of 658 and 42?
14
Calculate the greatest common factor of 4 and 1896.
4
What is the greatest common divisor of 13598 and 26?
26
Calculate the highest common divisor of 18 and 99.
9
What is the greatest common divisor of 215 and 25?
5
Calculate the greatest common factor of 156 and 208.
52
What is the highest common divisor of 264 and 1496?
88
Calculate the highest common divisor of 45 and 705.
15
Calculate the greatest common divisor of 1180 and 20.
20
Calculate the greatest common divisor of 58 and 2581.
29
What is the greatest common divisor of 192 and 3936?
96
Calculate the highest common factor of 75 and 210.
15
What is the highest common factor of 207 and 36?
9
Calculate the highest common divisor of 1121 and 38.
19
Calculate the highest common factor of 2300 and 60.
20
What is the greatest common factor of 207 and 5451?
69
Calculate the greatest common factor of 351 and 15.
3
What is the highest common factor of 561 and 165?
33
What is the highest common factor of 1909 and 23?
23
Calculate the highest common divisor of 49 and 245.
49
Calculate the highest common factor of 54 and 6615.
27
What is the highest common divisor of 1 and 331?
1
What is the greatest common factor of 195 and 4615?
65
Calculate the greatest common divisor of 4275 and 3825.
225
What is the greatest common factor of 70 and 1883?
7
Calculate the greatest common divisor of 30 and 255.
15
Calculate the highest common divisor of 400 and 50.
50
Calculate the highest common divisor of 308 and 198.
22
What is the highest common factor of 60 and 1740?
60
Calculate the highest common factor of 14127 and 153.
51
What is the highest common divisor of 114 and 114?
114
Calculate the highest common factor of 27 and 1917.
27
Calculate the highest common factor of 49 and 217.
7
What is the greatest common divisor of 26 and 208?
26
Calculate the highest common divisor of 258 and 6.
6
What is the greatest common factor of 544 and 476?
68
Calculate the greatest common divisor of 2 and 22.
2
What is the greatest common divisor of 10775 and 4741?
431
What is the greatest common factor of 45 and 126?
9
Calculate the highest common factor of 9 and 90.
9
Calculate the highest common divisor of 304 and 48.
16
What is the highest common divisor of 450 and 18?
18
What is the greatest common divisor of 219 and 2774?
73
What is the greatest common factor of 3124 and 132?
44
What is the highest common factor of 270 and 900?
90
What is the greatest common factor of 1056 and 984?
24
Calculate the highest common divisor of 99 and 45.
9
Calculate the greatest common factor of 441 and 10339.
49
Calculate the highest common factor of 300 and 2775.
75
What is the highest common factor of 8 and 2680?
8
What is the highest common factor of 276 and 1242?
138
What is the highest common factor of 17346 and 118?
118
What is the highest common divisor of 195 and 312?
39
Calculate the highest